{"id":32,"date":"2025-03-18T10:33:32","date_gmt":"2025-03-18T10:33:32","guid":{"rendered":"https:\/\/primavera.ms2.decms.eu\/zimmer-und-suites\/superior-first-class\/"},"modified":"2025-03-19T09:05:11","modified_gmt":"2025-03-19T09:05:11","slug":"superior-first-class","status":"publish","type":"page","link":"https:\/\/www.primaverahotel.cz\/de\/zimmer-und-suites\/superior-first-class\/","title":{"rendered":"Superior First Class"},"content":{"rendered":"<p>Einige Zimmer haben einen Balkon.<\/p>\n<p>Alle Zimmer sind auf den h\u00f6heren St\u00f6cken und haben einen Ausblick ins Gr\u00fcne (Flusstal \u00dahlava).<\/p>\n<p>Badezimmer mit Badewanne mit Dusche, WC und Bidet, Haartrockner.<\/p>\n","protected":false},"excerpt":{"rendered":"<p>Einige Zimmer haben einen Balkon. Alle Zimmer sind auf den h\u00f6heren St\u00f6cken und haben einen Ausblick ins Gr\u00fcne (Flusstal \u00dahlava). Badezimmer mit Badewanne mit Dusche, WC und Bidet, Haartrockner.<\/p>\n","protected":false},"author":8,"featured_media":0,"parent":30,"menu_order":0,"comment_status":"closed","ping_status":"closed","template":"template-single-room.php","meta":{"footnotes":""},"class_list":["post-32","page","type-page","status-publish","hentry"],"yoast_head":"<!-- This site is optimized with the Yoast SEO plugin v27.3 - https:\/\/yoast.com\/product\/yoast-seo-wordpress\/ -->\n<title>Superior First Class &#8226; Primavera Hotel &amp; Congress centre<\/title>\n<meta name=\"robots\" content=\"index, follow, max-snippet:-1, max-image-preview:large, max-video-preview:-1\" \/>\n<link rel=\"canonical\" href=\"https:\/\/www.primaverahotel.cz\/de\/zimmer-und-suites\/superior-first-class\/\" \/>\n<meta property=\"og:locale\" content=\"de_DE\" \/>\n<meta property=\"og:type\" content=\"article\" \/>\n<meta property=\"og:title\" content=\"Superior First Class &#8226; Primavera Hotel &amp; Congress centre\" \/>\n<meta property=\"og:description\" content=\"Einige Zimmer haben einen Balkon. Alle Zimmer sind auf den h\u00f6heren St\u00f6cken und haben einen Ausblick ins Gr\u00fcne (Flusstal \u00dahlava). Badezimmer mit Badewanne mit Dusche, WC und Bidet, Haartrockner.\" \/>\n<meta property=\"og:url\" content=\"https:\/\/www.primaverahotel.cz\/de\/zimmer-und-suites\/superior-first-class\/\" \/>\n<meta property=\"og:site_name\" content=\"Primavera Hotel &amp; Congress centre\" \/>\n<meta property=\"article:publisher\" content=\"https:\/\/www.facebook.com\/primaverahotel.cz\" \/>\n<meta property=\"article:modified_time\" content=\"2025-03-19T09:05:11+00:00\" \/>\n<meta property=\"og:image\" content=\"https:\/\/www.primaverahotel.cz\/wp-content\/uploads\/sites\/227\/2025\/03\/primavera-hotel-congress-.jpg\" \/>\n\t<meta property=\"og:image:width\" content=\"2345\" \/>\n\t<meta property=\"og:image:height\" content=\"1200\" \/>\n\t<meta property=\"og:image:type\" content=\"image\/jpeg\" \/>\n<meta name=\"twitter:card\" content=\"summary_large_image\" \/>\n<meta name=\"twitter:site\" content=\"@hotelprimavera\" \/>\n<meta name=\"twitter:label1\" content=\"Gesch\u00e4tzte Lesezeit\" \/>\n\t<meta name=\"twitter:data1\" content=\"1 Minute\" \/>\n<script type=\"application\/ld+json\" class=\"yoast-schema-graph\">{\"@context\":\"https:\\\/\\\/schema.org\",\"@graph\":[{\"@type\":\"WebPage\",\"@id\":\"https:\\\/\\\/www.primaverahotel.cz\\\/de\\\/zimmer-und-suites\\\/superior-first-class\\\/\",\"url\":\"https:\\\/\\\/www.primaverahotel.cz\\\/de\\\/zimmer-und-suites\\\/superior-first-class\\\/\",\"name\":\"Superior First Class &#8226; Primavera Hotel &amp; Congress centre\",\"isPartOf\":{\"@id\":\"https:\\\/\\\/www.primaverahotel.cz\\\/de\\\/#website\"},\"datePublished\":\"2025-03-18T10:33:32+00:00\",\"dateModified\":\"2025-03-19T09:05:11+00:00\",\"breadcrumb\":{\"@id\":\"https:\\\/\\\/www.primaverahotel.cz\\\/de\\\/zimmer-und-suites\\\/superior-first-class\\\/#breadcrumb\"},\"inLanguage\":\"de-DE\",\"potentialAction\":[{\"@type\":\"ReadAction\",\"target\":[\"https:\\\/\\\/www.primaverahotel.cz\\\/de\\\/zimmer-und-suites\\\/superior-first-class\\\/\"]}]},{\"@type\":\"BreadcrumbList\",\"@id\":\"https:\\\/\\\/www.primaverahotel.cz\\\/de\\\/zimmer-und-suites\\\/superior-first-class\\\/#breadcrumb\",\"itemListElement\":[{\"@type\":\"ListItem\",\"position\":1,\"name\":\"Home\",\"item\":\"https:\\\/\\\/www.primaverahotel.cz\\\/de\\\/\"},{\"@type\":\"ListItem\",\"position\":2,\"name\":\"Zimmer und Suites\",\"item\":\"https:\\\/\\\/www.primaverahotel.cz\\\/de\\\/zimmer-und-suites\\\/\"},{\"@type\":\"ListItem\",\"position\":3,\"name\":\"Superior First Class\"}]},{\"@type\":\"WebSite\",\"@id\":\"https:\\\/\\\/www.primaverahotel.cz\\\/de\\\/#website\",\"url\":\"https:\\\/\\\/www.primaverahotel.cz\\\/de\\\/\",\"name\":\"Primavera Hotel & Congress centre\",\"description\":\"\",\"publisher\":{\"@id\":\"https:\\\/\\\/www.primaverahotel.cz\\\/de\\\/#organization\"},\"alternateName\":\"Primavera Hotel\",\"potentialAction\":[{\"@type\":\"SearchAction\",\"target\":{\"@type\":\"EntryPoint\",\"urlTemplate\":\"https:\\\/\\\/www.primaverahotel.cz\\\/de\\\/?s={search_term_string}\"},\"query-input\":{\"@type\":\"PropertyValueSpecification\",\"valueRequired\":true,\"valueName\":\"search_term_string\"}}],\"inLanguage\":\"de-DE\"},{\"@type\":\"Organization\",\"@id\":\"https:\\\/\\\/www.primaverahotel.cz\\\/de\\\/#organization\",\"name\":\"Primavera Hotel & Congress centre\",\"url\":\"https:\\\/\\\/www.primaverahotel.cz\\\/de\\\/\",\"logo\":{\"@type\":\"ImageObject\",\"inLanguage\":\"de-DE\",\"@id\":\"https:\\\/\\\/www.primaverahotel.cz\\\/de\\\/#\\\/schema\\\/logo\\\/image\\\/\",\"url\":\"https:\\\/\\\/www.primaverahotel.cz\\\/wp-content\\\/uploads\\\/sites\\\/227\\\/2025\\\/03\\\/logo_primavera.png\",\"contentUrl\":\"https:\\\/\\\/www.primaverahotel.cz\\\/wp-content\\\/uploads\\\/sites\\\/227\\\/2025\\\/03\\\/logo_primavera.png\",\"width\":420,\"height\":200,\"caption\":\"Primavera Hotel & Congress centre\"},\"image\":{\"@id\":\"https:\\\/\\\/www.primaverahotel.cz\\\/de\\\/#\\\/schema\\\/logo\\\/image\\\/\"},\"sameAs\":[\"https:\\\/\\\/www.facebook.com\\\/primaverahotel.cz\",\"https:\\\/\\\/x.com\\\/hotelprimavera\",\"https:\\\/\\\/www.primaverahotel.cz\\\/www.youtube.com\\\/channel\\\/UCOPQjWRY1lIF95VFdBOc0yA\\\/\",\"https:\\\/\\\/www.instagram.com\\\/primavera.hotel\\\/\"]}]}<\/script>\n<!-- \/ Yoast SEO plugin. -->","yoast_head_json":{"title":"Superior First Class &#8226; Primavera Hotel &amp; Congress centre","robots":{"index":"index","follow":"follow","max-snippet":"max-snippet:-1","max-image-preview":"max-image-preview:large","max-video-preview":"max-video-preview:-1"},"canonical":"https:\/\/www.primaverahotel.cz\/de\/zimmer-und-suites\/superior-first-class\/","og_locale":"de_DE","og_type":"article","og_title":"Superior First Class &#8226; Primavera Hotel &amp; Congress centre","og_description":"Einige Zimmer haben einen Balkon. Alle Zimmer sind auf den h\u00f6heren St\u00f6cken und haben einen Ausblick ins Gr\u00fcne (Flusstal \u00dahlava). Badezimmer mit Badewanne mit Dusche, WC und Bidet, Haartrockner.","og_url":"https:\/\/www.primaverahotel.cz\/de\/zimmer-und-suites\/superior-first-class\/","og_site_name":"Primavera Hotel &amp; Congress centre","article_publisher":"https:\/\/www.facebook.com\/primaverahotel.cz","article_modified_time":"2025-03-19T09:05:11+00:00","og_image":[{"width":2345,"height":1200,"url":"https:\/\/www.primaverahotel.cz\/wp-content\/uploads\/sites\/227\/2025\/03\/primavera-hotel-congress-.jpg","type":"image\/jpeg"}],"twitter_card":"summary_large_image","twitter_site":"@hotelprimavera","twitter_misc":{"Gesch\u00e4tzte Lesezeit":"1 Minute"},"schema":{"@context":"https:\/\/schema.org","@graph":[{"@type":"WebPage","@id":"https:\/\/www.primaverahotel.cz\/de\/zimmer-und-suites\/superior-first-class\/","url":"https:\/\/www.primaverahotel.cz\/de\/zimmer-und-suites\/superior-first-class\/","name":"Superior First Class &#8226; Primavera Hotel &amp; Congress centre","isPartOf":{"@id":"https:\/\/www.primaverahotel.cz\/de\/#website"},"datePublished":"2025-03-18T10:33:32+00:00","dateModified":"2025-03-19T09:05:11+00:00","breadcrumb":{"@id":"https:\/\/www.primaverahotel.cz\/de\/zimmer-und-suites\/superior-first-class\/#breadcrumb"},"inLanguage":"de-DE","potentialAction":[{"@type":"ReadAction","target":["https:\/\/www.primaverahotel.cz\/de\/zimmer-und-suites\/superior-first-class\/"]}]},{"@type":"BreadcrumbList","@id":"https:\/\/www.primaverahotel.cz\/de\/zimmer-und-suites\/superior-first-class\/#breadcrumb","itemListElement":[{"@type":"ListItem","position":1,"name":"Home","item":"https:\/\/www.primaverahotel.cz\/de\/"},{"@type":"ListItem","position":2,"name":"Zimmer und Suites","item":"https:\/\/www.primaverahotel.cz\/de\/zimmer-und-suites\/"},{"@type":"ListItem","position":3,"name":"Superior First Class"}]},{"@type":"WebSite","@id":"https:\/\/www.primaverahotel.cz\/de\/#website","url":"https:\/\/www.primaverahotel.cz\/de\/","name":"Primavera Hotel & Congress centre","description":"","publisher":{"@id":"https:\/\/www.primaverahotel.cz\/de\/#organization"},"alternateName":"Primavera Hotel","potentialAction":[{"@type":"SearchAction","target":{"@type":"EntryPoint","urlTemplate":"https:\/\/www.primaverahotel.cz\/de\/?s={search_term_string}"},"query-input":{"@type":"PropertyValueSpecification","valueRequired":true,"valueName":"search_term_string"}}],"inLanguage":"de-DE"},{"@type":"Organization","@id":"https:\/\/www.primaverahotel.cz\/de\/#organization","name":"Primavera Hotel & Congress centre","url":"https:\/\/www.primaverahotel.cz\/de\/","logo":{"@type":"ImageObject","inLanguage":"de-DE","@id":"https:\/\/www.primaverahotel.cz\/de\/#\/schema\/logo\/image\/","url":"https:\/\/www.primaverahotel.cz\/wp-content\/uploads\/sites\/227\/2025\/03\/logo_primavera.png","contentUrl":"https:\/\/www.primaverahotel.cz\/wp-content\/uploads\/sites\/227\/2025\/03\/logo_primavera.png","width":420,"height":200,"caption":"Primavera Hotel & Congress centre"},"image":{"@id":"https:\/\/www.primaverahotel.cz\/de\/#\/schema\/logo\/image\/"},"sameAs":["https:\/\/www.facebook.com\/primaverahotel.cz","https:\/\/x.com\/hotelprimavera","https:\/\/www.primaverahotel.cz\/www.youtube.com\/channel\/UCOPQjWRY1lIF95VFdBOc0yA\/","https:\/\/www.instagram.com\/primavera.hotel\/"]}]}},"acf":[],"_links":{"self":[{"href":"https:\/\/www.primaverahotel.cz\/de\/wp-json\/wp\/v2\/pages\/32","targetHints":{"allow":["GET"]}}],"collection":[{"href":"https:\/\/www.primaverahotel.cz\/de\/wp-json\/wp\/v2\/pages"}],"about":[{"href":"https:\/\/www.primaverahotel.cz\/de\/wp-json\/wp\/v2\/types\/page"}],"author":[{"embeddable":true,"href":"https:\/\/www.primaverahotel.cz\/de\/wp-json\/wp\/v2\/users\/8"}],"replies":[{"embeddable":true,"href":"https:\/\/www.primaverahotel.cz\/de\/wp-json\/wp\/v2\/comments?post=32"}],"version-history":[{"count":0,"href":"https:\/\/www.primaverahotel.cz\/de\/wp-json\/wp\/v2\/pages\/32\/revisions"}],"up":[{"embeddable":true,"href":"https:\/\/www.primaverahotel.cz\/de\/wp-json\/wp\/v2\/pages\/30"}],"wp:attachment":[{"href":"https:\/\/www.primaverahotel.cz\/de\/wp-json\/wp\/v2\/media?parent=32"}],"curies":[{"name":"wp","href":"https:\/\/api.w.org\/{rel}","templated":true}]}}

<p>Einige Zimmer haben einen Balkon.</p>
<p>Alle Zimmer sind auf den höheren Stöcken und haben einen Ausblick ins Grüne (Flusstal Úhlava).</p>
<p>Badezimmer mit Badewanne mit Dusche, WC und Bidet, Haartrockner.</p>

<p>Einige Zimmer haben einen Balkon. Alle Zimmer sind auf den höheren Stöcken und haben einen Ausblick ins Grüne (Flusstal Úhlava). Badezimmer mit Badewanne mit Dusche, WC und Bidet, Haartrockner.</p>

<!-- This site is optimized with the Yoast SEO plugin v27.3 - https://yoast.com/product/yoast-seo-wordpress/ -->
<title>Superior First Class &#8226; Primavera Hotel &amp; Congress centre</title>
<meta name="robots" content="index, follow, max-snippet:-1, max-image-preview:large, max-video-preview:-1" />
<link rel="canonical" href="https://www.primaverahotel.cz/de/zimmer-und-suites/superior-first-class/" />
<meta property="og:locale" content="de_DE" />
<meta property="og:type" content="article" />
<meta property="og:title" content="Superior First Class &#8226; Primavera Hotel &amp; Congress centre" />
<meta property="og:description" content="Einige Zimmer haben einen Balkon. Alle Zimmer sind auf den höheren Stöcken und haben einen Ausblick ins Grüne (Flusstal Úhlava). Badezimmer mit Badewanne mit Dusche, WC und Bidet, Haartrockner." />
<meta property="og:url" content="https://www.primaverahotel.cz/de/zimmer-und-suites/superior-first-class/" />
<meta property="og:site_name" content="Primavera Hotel &amp; Congress centre" />
<meta property="article:publisher" content="https://www.facebook.com/primaverahotel.cz" />
<meta property="article:modified_time" content="2025-03-19T09:05:11+00:00" />
<meta property="og:image" content="https://www.primaverahotel.cz/wp-content/uploads/sites/227/2025/03/primavera-hotel-congress-.jpg" />
	<meta property="og:image:width" content="2345" />
	<meta property="og:image:height" content="1200" />
	<meta property="og:image:type" content="image/jpeg" />
<meta name="twitter:card" content="summary_large_image" />
<meta name="twitter:site" content="@hotelprimavera" />
<meta name="twitter:label1" content="Geschätzte Lesezeit" />
	<meta name="twitter:data1" content="1 Minute" />
<script type="application/ld+json" class="yoast-schema-graph">{"@context":"https:\/\/schema.org","@graph":[{"@type":"WebPage","@id":"https:\/\/www.primaverahotel.cz\/de\/zimmer-und-suites\/superior-first-class\/","url":"https:\/\/www.primaverahotel.cz\/de\/zimmer-und-suites\/superior-first-class\/","name":"Superior First Class &#8226; Primavera Hotel &amp; Congress centre","isPartOf":{"@id":"https:\/\/www.primaverahotel.cz\/de\/#website"},"datePublished":"2025-03-18T10:33:32+00:00","dateModified":"2025-03-19T09:05:11+00:00","breadcrumb":{"@id":"https:\/\/www.primaverahotel.cz\/de\/zimmer-und-suites\/superior-first-class\/#breadcrumb"},"inLanguage":"de-DE","potentialAction":[{"@type":"ReadAction","target":["https:\/\/www.primaverahotel.cz\/de\/zimmer-und-suites\/superior-first-class\/"]}]},{"@type":"BreadcrumbList","@id":"https:\/\/www.primaverahotel.cz\/de\/zimmer-und-suites\/superior-first-class\/#breadcrumb","itemListElement":[{"@type":"ListItem","position":1,"name":"Home","item":"https:\/\/www.primaverahotel.cz\/de\/"},{"@type":"ListItem","position":2,"name":"Zimmer und Suites","item":"https:\/\/www.primaverahotel.cz\/de\/zimmer-und-suites\/"},{"@type":"ListItem","position":3,"name":"Superior First Class"}]},{"@type":"WebSite","@id":"https:\/\/www.primaverahotel.cz\/de\/#website","url":"https:\/\/www.primaverahotel.cz\/de\/","name":"Primavera Hotel & Congress centre","description":"","publisher":{"@id":"https:\/\/www.primaverahotel.cz\/de\/#organization"},"alternateName":"Primavera Hotel","potentialAction":[{"@type":"SearchAction","target":{"@type":"EntryPoint","urlTemplate":"https:\/\/www.primaverahotel.cz\/de\/?s={search_term_string}"},"query-input":{"@type":"PropertyValueSpecification","valueRequired":true,"valueName":"search_term_string"}}],"inLanguage":"de-DE"},{"@type":"Organization","@id":"https:\/\/www.primaverahotel.cz\/de\/#organization","name":"Primavera Hotel & Congress centre","url":"https:\/\/www.primaverahotel.cz\/de\/","logo":{"@type":"ImageObject","inLanguage":"de-DE","@id":"https:\/\/www.primaverahotel.cz\/de\/#\/schema\/logo\/image\/","url":"https:\/\/www.primaverahotel.cz\/wp-content\/uploads\/sites\/227\/2025\/03\/logo_primavera.png","contentUrl":"https:\/\/www.primaverahotel.cz\/wp-content\/uploads\/sites\/227\/2025\/03\/logo_primavera.png","width":420,"height":200,"caption":"Primavera Hotel & Congress centre"},"image":{"@id":"https:\/\/www.primaverahotel.cz\/de\/#\/schema\/logo\/image\/"},"sameAs":["https:\/\/www.facebook.com\/primaverahotel.cz","https:\/\/x.com\/hotelprimavera","https:\/\/www.primaverahotel.cz\/www.youtube.com\/channel\/UCOPQjWRY1lIF95VFdBOc0yA\/","https:\/\/www.instagram.com\/primavera.hotel\/"]}]}</script>
<!-- / Yoast SEO plugin. -->

Einige Zimmer haben einen Balkon. Alle Zimmer sind auf den höheren Stöcken und haben einen Ausblick ins Grüne (Flusstal Úhlava). Badezimmer mit Badewanne mit Dusche, WC und Bidet, Haartrockner.
