{"id":162,"date":"2025-03-20T15:53:56","date_gmt":"2025-03-20T15:53:56","guid":{"rendered":"https:\/\/primavera.ms2.decms.eu\/congress-meetings\/primavera-hall\/"},"modified":"2025-03-26T10:02:45","modified_gmt":"2025-03-26T10:02:45","slug":"primavera-hall","status":"publish","type":"page","link":"https:\/\/www.primaverahotel.cz\/de\/congress-meetings\/primavera-hall\/","title":{"rendered":"Primavera Hall"},"content":{"rendered":"<p>Der repr\u00e4sentative Saal bietet Platz f\u00fcr bis zu 280 Personen.<\/p>\n<p>An den Saal grenzt eine Au\u00dfenterrasse und ein Caf\u00e9 (Foyer), die f\u00fcr Kaffeepausen oder einen Willkommensdrink genutzt werden k\u00f6nnen.<\/p>\n<p>Der Saal verf\u00fcgt \u00fcber ausgezeichnete Akustik und ist mit modernster Technik f\u00fcr Videokonferenzen oder Dolmetschen ausgestattet.<\/p>\n","protected":false},"excerpt":{"rendered":"<p>Der repr\u00e4sentative Saal bietet Platz f\u00fcr bis zu 280 Personen. An den Saal grenzt eine Au\u00dfenterrasse und ein Caf\u00e9 (Foyer), die f\u00fcr Kaffeepausen oder einen Willkommensdrink genutzt werden k\u00f6nnen. Der Saal verf\u00fcgt \u00fcber ausgezeichnete Akustik und ist mit modernster Technik f\u00fcr Videokonferenzen oder Dolmetschen ausgestattet.<\/p>\n","protected":false},"author":8,"featured_media":0,"parent":157,"menu_order":0,"comment_status":"closed","ping_status":"closed","template":"template-meeting.php","meta":{"footnotes":""},"class_list":["post-162","page","type-page","status-publish","hentry"],"yoast_head":"<!-- This site is optimized with the Yoast SEO plugin v27.3 - https:\/\/yoast.com\/product\/yoast-seo-wordpress\/ -->\n<title>Primavera Hall &#8226; Primavera Hotel &amp; Congress centre<\/title>\n<meta name=\"robots\" content=\"index, follow, max-snippet:-1, max-image-preview:large, max-video-preview:-1\" \/>\n<link rel=\"canonical\" href=\"https:\/\/www.primaverahotel.cz\/de\/congress-meetings\/primavera-hall\/\" \/>\n<meta property=\"og:locale\" content=\"de_DE\" \/>\n<meta property=\"og:type\" content=\"article\" \/>\n<meta property=\"og:title\" content=\"Primavera Hall &#8226; Primavera Hotel &amp; Congress centre\" \/>\n<meta property=\"og:description\" content=\"Der repr\u00e4sentative Saal bietet Platz f\u00fcr bis zu 280 Personen. An den Saal grenzt eine Au\u00dfenterrasse und ein Caf\u00e9 (Foyer), die f\u00fcr Kaffeepausen oder einen Willkommensdrink genutzt werden k\u00f6nnen. Der Saal verf\u00fcgt \u00fcber ausgezeichnete Akustik und ist mit modernster Technik f\u00fcr Videokonferenzen oder Dolmetschen ausgestattet.\" \/>\n<meta property=\"og:url\" content=\"https:\/\/www.primaverahotel.cz\/de\/congress-meetings\/primavera-hall\/\" \/>\n<meta property=\"og:site_name\" content=\"Primavera Hotel &amp; Congress centre\" \/>\n<meta property=\"article:publisher\" content=\"https:\/\/www.facebook.com\/primaverahotel.cz\" \/>\n<meta property=\"article:modified_time\" content=\"2025-03-26T10:02:45+00:00\" \/>\n<meta property=\"og:image\" content=\"https:\/\/www.primaverahotel.cz\/wp-content\/uploads\/sites\/227\/2025\/03\/primavera-hotel-congress-.jpg\" \/>\n\t<meta property=\"og:image:width\" content=\"2345\" \/>\n\t<meta property=\"og:image:height\" content=\"1200\" \/>\n\t<meta property=\"og:image:type\" content=\"image\/jpeg\" \/>\n<meta name=\"twitter:card\" content=\"summary_large_image\" \/>\n<meta name=\"twitter:site\" content=\"@hotelprimavera\" \/>\n<meta name=\"twitter:label1\" content=\"Gesch\u00e4tzte Lesezeit\" \/>\n\t<meta name=\"twitter:data1\" content=\"1 Minute\" \/>\n<script type=\"application\/ld+json\" class=\"yoast-schema-graph\">{\"@context\":\"https:\\\/\\\/schema.org\",\"@graph\":[{\"@type\":\"WebPage\",\"@id\":\"https:\\\/\\\/www.primaverahotel.cz\\\/de\\\/congress-meetings\\\/primavera-hall\\\/\",\"url\":\"https:\\\/\\\/www.primaverahotel.cz\\\/de\\\/congress-meetings\\\/primavera-hall\\\/\",\"name\":\"Primavera Hall &#8226; Primavera Hotel &amp; Congress centre\",\"isPartOf\":{\"@id\":\"https:\\\/\\\/www.primaverahotel.cz\\\/de\\\/#website\"},\"datePublished\":\"2025-03-20T15:53:56+00:00\",\"dateModified\":\"2025-03-26T10:02:45+00:00\",\"breadcrumb\":{\"@id\":\"https:\\\/\\\/www.primaverahotel.cz\\\/de\\\/congress-meetings\\\/primavera-hall\\\/#breadcrumb\"},\"inLanguage\":\"de-DE\",\"potentialAction\":[{\"@type\":\"ReadAction\",\"target\":[\"https:\\\/\\\/www.primaverahotel.cz\\\/de\\\/congress-meetings\\\/primavera-hall\\\/\"]}]},{\"@type\":\"BreadcrumbList\",\"@id\":\"https:\\\/\\\/www.primaverahotel.cz\\\/de\\\/congress-meetings\\\/primavera-hall\\\/#breadcrumb\",\"itemListElement\":[{\"@type\":\"ListItem\",\"position\":1,\"name\":\"Home\",\"item\":\"https:\\\/\\\/www.primaverahotel.cz\\\/de\\\/\"},{\"@type\":\"ListItem\",\"position\":2,\"name\":\"Congress &#038; Meetings\",\"item\":\"https:\\\/\\\/www.primaverahotel.cz\\\/de\\\/congress-meetings\\\/\"},{\"@type\":\"ListItem\",\"position\":3,\"name\":\"Primavera Hall\"}]},{\"@type\":\"WebSite\",\"@id\":\"https:\\\/\\\/www.primaverahotel.cz\\\/de\\\/#website\",\"url\":\"https:\\\/\\\/www.primaverahotel.cz\\\/de\\\/\",\"name\":\"Primavera Hotel & Congress centre\",\"description\":\"\",\"publisher\":{\"@id\":\"https:\\\/\\\/www.primaverahotel.cz\\\/de\\\/#organization\"},\"alternateName\":\"Primavera Hotel\",\"potentialAction\":[{\"@type\":\"SearchAction\",\"target\":{\"@type\":\"EntryPoint\",\"urlTemplate\":\"https:\\\/\\\/www.primaverahotel.cz\\\/de\\\/?s={search_term_string}\"},\"query-input\":{\"@type\":\"PropertyValueSpecification\",\"valueRequired\":true,\"valueName\":\"search_term_string\"}}],\"inLanguage\":\"de-DE\"},{\"@type\":\"Organization\",\"@id\":\"https:\\\/\\\/www.primaverahotel.cz\\\/de\\\/#organization\",\"name\":\"Primavera Hotel & Congress centre\",\"url\":\"https:\\\/\\\/www.primaverahotel.cz\\\/de\\\/\",\"logo\":{\"@type\":\"ImageObject\",\"inLanguage\":\"de-DE\",\"@id\":\"https:\\\/\\\/www.primaverahotel.cz\\\/de\\\/#\\\/schema\\\/logo\\\/image\\\/\",\"url\":\"https:\\\/\\\/www.primaverahotel.cz\\\/wp-content\\\/uploads\\\/sites\\\/227\\\/2025\\\/03\\\/logo_primavera.png\",\"contentUrl\":\"https:\\\/\\\/www.primaverahotel.cz\\\/wp-content\\\/uploads\\\/sites\\\/227\\\/2025\\\/03\\\/logo_primavera.png\",\"width\":420,\"height\":200,\"caption\":\"Primavera Hotel & Congress centre\"},\"image\":{\"@id\":\"https:\\\/\\\/www.primaverahotel.cz\\\/de\\\/#\\\/schema\\\/logo\\\/image\\\/\"},\"sameAs\":[\"https:\\\/\\\/www.facebook.com\\\/primaverahotel.cz\",\"https:\\\/\\\/x.com\\\/hotelprimavera\",\"https:\\\/\\\/www.primaverahotel.cz\\\/www.youtube.com\\\/channel\\\/UCOPQjWRY1lIF95VFdBOc0yA\\\/\",\"https:\\\/\\\/www.instagram.com\\\/primavera.hotel\\\/\"]}]}<\/script>\n<!-- \/ Yoast SEO plugin. -->","yoast_head_json":{"title":"Primavera Hall &#8226; Primavera Hotel &amp; Congress centre","robots":{"index":"index","follow":"follow","max-snippet":"max-snippet:-1","max-image-preview":"max-image-preview:large","max-video-preview":"max-video-preview:-1"},"canonical":"https:\/\/www.primaverahotel.cz\/de\/congress-meetings\/primavera-hall\/","og_locale":"de_DE","og_type":"article","og_title":"Primavera Hall &#8226; Primavera Hotel &amp; Congress centre","og_description":"Der repr\u00e4sentative Saal bietet Platz f\u00fcr bis zu 280 Personen. An den Saal grenzt eine Au\u00dfenterrasse und ein Caf\u00e9 (Foyer), die f\u00fcr Kaffeepausen oder einen Willkommensdrink genutzt werden k\u00f6nnen. Der Saal verf\u00fcgt \u00fcber ausgezeichnete Akustik und ist mit modernster Technik f\u00fcr Videokonferenzen oder Dolmetschen ausgestattet.","og_url":"https:\/\/www.primaverahotel.cz\/de\/congress-meetings\/primavera-hall\/","og_site_name":"Primavera Hotel &amp; Congress centre","article_publisher":"https:\/\/www.facebook.com\/primaverahotel.cz","article_modified_time":"2025-03-26T10:02:45+00:00","og_image":[{"width":2345,"height":1200,"url":"https:\/\/www.primaverahotel.cz\/wp-content\/uploads\/sites\/227\/2025\/03\/primavera-hotel-congress-.jpg","type":"image\/jpeg"}],"twitter_card":"summary_large_image","twitter_site":"@hotelprimavera","twitter_misc":{"Gesch\u00e4tzte Lesezeit":"1 Minute"},"schema":{"@context":"https:\/\/schema.org","@graph":[{"@type":"WebPage","@id":"https:\/\/www.primaverahotel.cz\/de\/congress-meetings\/primavera-hall\/","url":"https:\/\/www.primaverahotel.cz\/de\/congress-meetings\/primavera-hall\/","name":"Primavera Hall &#8226; Primavera Hotel &amp; Congress centre","isPartOf":{"@id":"https:\/\/www.primaverahotel.cz\/de\/#website"},"datePublished":"2025-03-20T15:53:56+00:00","dateModified":"2025-03-26T10:02:45+00:00","breadcrumb":{"@id":"https:\/\/www.primaverahotel.cz\/de\/congress-meetings\/primavera-hall\/#breadcrumb"},"inLanguage":"de-DE","potentialAction":[{"@type":"ReadAction","target":["https:\/\/www.primaverahotel.cz\/de\/congress-meetings\/primavera-hall\/"]}]},{"@type":"BreadcrumbList","@id":"https:\/\/www.primaverahotel.cz\/de\/congress-meetings\/primavera-hall\/#breadcrumb","itemListElement":[{"@type":"ListItem","position":1,"name":"Home","item":"https:\/\/www.primaverahotel.cz\/de\/"},{"@type":"ListItem","position":2,"name":"Congress &#038; Meetings","item":"https:\/\/www.primaverahotel.cz\/de\/congress-meetings\/"},{"@type":"ListItem","position":3,"name":"Primavera Hall"}]},{"@type":"WebSite","@id":"https:\/\/www.primaverahotel.cz\/de\/#website","url":"https:\/\/www.primaverahotel.cz\/de\/","name":"Primavera Hotel & Congress centre","description":"","publisher":{"@id":"https:\/\/www.primaverahotel.cz\/de\/#organization"},"alternateName":"Primavera Hotel","potentialAction":[{"@type":"SearchAction","target":{"@type":"EntryPoint","urlTemplate":"https:\/\/www.primaverahotel.cz\/de\/?s={search_term_string}"},"query-input":{"@type":"PropertyValueSpecification","valueRequired":true,"valueName":"search_term_string"}}],"inLanguage":"de-DE"},{"@type":"Organization","@id":"https:\/\/www.primaverahotel.cz\/de\/#organization","name":"Primavera Hotel & Congress centre","url":"https:\/\/www.primaverahotel.cz\/de\/","logo":{"@type":"ImageObject","inLanguage":"de-DE","@id":"https:\/\/www.primaverahotel.cz\/de\/#\/schema\/logo\/image\/","url":"https:\/\/www.primaverahotel.cz\/wp-content\/uploads\/sites\/227\/2025\/03\/logo_primavera.png","contentUrl":"https:\/\/www.primaverahotel.cz\/wp-content\/uploads\/sites\/227\/2025\/03\/logo_primavera.png","width":420,"height":200,"caption":"Primavera Hotel & Congress centre"},"image":{"@id":"https:\/\/www.primaverahotel.cz\/de\/#\/schema\/logo\/image\/"},"sameAs":["https:\/\/www.facebook.com\/primaverahotel.cz","https:\/\/x.com\/hotelprimavera","https:\/\/www.primaverahotel.cz\/www.youtube.com\/channel\/UCOPQjWRY1lIF95VFdBOc0yA\/","https:\/\/www.instagram.com\/primavera.hotel\/"]}]}},"acf":[],"_links":{"self":[{"href":"https:\/\/www.primaverahotel.cz\/de\/wp-json\/wp\/v2\/pages\/162","targetHints":{"allow":["GET"]}}],"collection":[{"href":"https:\/\/www.primaverahotel.cz\/de\/wp-json\/wp\/v2\/pages"}],"about":[{"href":"https:\/\/www.primaverahotel.cz\/de\/wp-json\/wp\/v2\/types\/page"}],"author":[{"embeddable":true,"href":"https:\/\/www.primaverahotel.cz\/de\/wp-json\/wp\/v2\/users\/8"}],"replies":[{"embeddable":true,"href":"https:\/\/www.primaverahotel.cz\/de\/wp-json\/wp\/v2\/comments?post=162"}],"version-history":[{"count":0,"href":"https:\/\/www.primaverahotel.cz\/de\/wp-json\/wp\/v2\/pages\/162\/revisions"}],"up":[{"embeddable":true,"href":"https:\/\/www.primaverahotel.cz\/de\/wp-json\/wp\/v2\/pages\/157"}],"wp:attachment":[{"href":"https:\/\/www.primaverahotel.cz\/de\/wp-json\/wp\/v2\/media?parent=162"}],"curies":[{"name":"wp","href":"https:\/\/api.w.org\/{rel}","templated":true}]}}

<p>Der repräsentative Saal bietet Platz für bis zu 280 Personen.</p>
<p>An den Saal grenzt eine Außenterrasse und ein Café (Foyer), die für Kaffeepausen oder einen Willkommensdrink genutzt werden können.</p>
<p>Der Saal verfügt über ausgezeichnete Akustik und ist mit modernster Technik für Videokonferenzen oder Dolmetschen ausgestattet.</p>

<p>Der repräsentative Saal bietet Platz für bis zu 280 Personen. An den Saal grenzt eine Außenterrasse und ein Café (Foyer), die für Kaffeepausen oder einen Willkommensdrink genutzt werden können. Der Saal verfügt über ausgezeichnete Akustik und ist mit modernster Technik für Videokonferenzen oder Dolmetschen ausgestattet.</p>

<!-- This site is optimized with the Yoast SEO plugin v27.3 - https://yoast.com/product/yoast-seo-wordpress/ -->
<title>Primavera Hall &#8226; Primavera Hotel &amp; Congress centre</title>
<meta name="robots" content="index, follow, max-snippet:-1, max-image-preview:large, max-video-preview:-1" />
<link rel="canonical" href="https://www.primaverahotel.cz/de/congress-meetings/primavera-hall/" />
<meta property="og:locale" content="de_DE" />
<meta property="og:type" content="article" />
<meta property="og:title" content="Primavera Hall &#8226; Primavera Hotel &amp; Congress centre" />
<meta property="og:description" content="Der repräsentative Saal bietet Platz für bis zu 280 Personen. An den Saal grenzt eine Außenterrasse und ein Café (Foyer), die für Kaffeepausen oder einen Willkommensdrink genutzt werden können. Der Saal verfügt über ausgezeichnete Akustik und ist mit modernster Technik für Videokonferenzen oder Dolmetschen ausgestattet." />
<meta property="og:url" content="https://www.primaverahotel.cz/de/congress-meetings/primavera-hall/" />
<meta property="og:site_name" content="Primavera Hotel &amp; Congress centre" />
<meta property="article:publisher" content="https://www.facebook.com/primaverahotel.cz" />
<meta property="article:modified_time" content="2025-03-26T10:02:45+00:00" />
<meta property="og:image" content="https://www.primaverahotel.cz/wp-content/uploads/sites/227/2025/03/primavera-hotel-congress-.jpg" />
	<meta property="og:image:width" content="2345" />
	<meta property="og:image:height" content="1200" />
	<meta property="og:image:type" content="image/jpeg" />
<meta name="twitter:card" content="summary_large_image" />
<meta name="twitter:site" content="@hotelprimavera" />
<meta name="twitter:label1" content="Geschätzte Lesezeit" />
	<meta name="twitter:data1" content="1 Minute" />
<script type="application/ld+json" class="yoast-schema-graph">{"@context":"https:\/\/schema.org","@graph":[{"@type":"WebPage","@id":"https:\/\/www.primaverahotel.cz\/de\/congress-meetings\/primavera-hall\/","url":"https:\/\/www.primaverahotel.cz\/de\/congress-meetings\/primavera-hall\/","name":"Primavera Hall &#8226; Primavera Hotel &amp; Congress centre","isPartOf":{"@id":"https:\/\/www.primaverahotel.cz\/de\/#website"},"datePublished":"2025-03-20T15:53:56+00:00","dateModified":"2025-03-26T10:02:45+00:00","breadcrumb":{"@id":"https:\/\/www.primaverahotel.cz\/de\/congress-meetings\/primavera-hall\/#breadcrumb"},"inLanguage":"de-DE","potentialAction":[{"@type":"ReadAction","target":["https:\/\/www.primaverahotel.cz\/de\/congress-meetings\/primavera-hall\/"]}]},{"@type":"BreadcrumbList","@id":"https:\/\/www.primaverahotel.cz\/de\/congress-meetings\/primavera-hall\/#breadcrumb","itemListElement":[{"@type":"ListItem","position":1,"name":"Home","item":"https:\/\/www.primaverahotel.cz\/de\/"},{"@type":"ListItem","position":2,"name":"Congress &#038; Meetings","item":"https:\/\/www.primaverahotel.cz\/de\/congress-meetings\/"},{"@type":"ListItem","position":3,"name":"Primavera Hall"}]},{"@type":"WebSite","@id":"https:\/\/www.primaverahotel.cz\/de\/#website","url":"https:\/\/www.primaverahotel.cz\/de\/","name":"Primavera Hotel & Congress centre","description":"","publisher":{"@id":"https:\/\/www.primaverahotel.cz\/de\/#organization"},"alternateName":"Primavera Hotel","potentialAction":[{"@type":"SearchAction","target":{"@type":"EntryPoint","urlTemplate":"https:\/\/www.primaverahotel.cz\/de\/?s={search_term_string}"},"query-input":{"@type":"PropertyValueSpecification","valueRequired":true,"valueName":"search_term_string"}}],"inLanguage":"de-DE"},{"@type":"Organization","@id":"https:\/\/www.primaverahotel.cz\/de\/#organization","name":"Primavera Hotel & Congress centre","url":"https:\/\/www.primaverahotel.cz\/de\/","logo":{"@type":"ImageObject","inLanguage":"de-DE","@id":"https:\/\/www.primaverahotel.cz\/de\/#\/schema\/logo\/image\/","url":"https:\/\/www.primaverahotel.cz\/wp-content\/uploads\/sites\/227\/2025\/03\/logo_primavera.png","contentUrl":"https:\/\/www.primaverahotel.cz\/wp-content\/uploads\/sites\/227\/2025\/03\/logo_primavera.png","width":420,"height":200,"caption":"Primavera Hotel & Congress centre"},"image":{"@id":"https:\/\/www.primaverahotel.cz\/de\/#\/schema\/logo\/image\/"},"sameAs":["https:\/\/www.facebook.com\/primaverahotel.cz","https:\/\/x.com\/hotelprimavera","https:\/\/www.primaverahotel.cz\/www.youtube.com\/channel\/UCOPQjWRY1lIF95VFdBOc0yA\/","https:\/\/www.instagram.com\/primavera.hotel\/"]}]}</script>
<!-- / Yoast SEO plugin. -->

Der repräsentative Saal bietet Platz für bis zu 280 Personen. An den Saal grenzt eine Außenterrasse und ein Café (Foyer), die für Kaffeepausen oder einen Willkommensdrink genutzt werden können. Der Saal verfügt über ausgezeichnete Akustik und ist mit modernster Technik für Videokonferenzen oder Dolmetschen ausgestattet.
